t y be f(b). Is c(y) composite?
True
Suppose 4*c - 2475 = 3*u, 4*c - u = 3*c + 620. Let k = -322 + c. Is k composite?
False
Let a(b) be the first derivative of -b**4/4 - b**2/2 - 53*b + 1. Let k be a(0). Let j = -38 - k. Is j a composite number?
True
Let h(f) = 30*f**3 + 4*f**2 - f - 3. Let p be h(3). Suppose 0 = k - 3*z - 4865 + 1172, 3*k + 4*z = 11131. Suppose -k = -3*x - p. Is x composite?
True
Suppose 4*i + 4*d + d - 2507 = 0, 3*i + 3*d = 1884. Is i prime?
False
Let s = -30 - -29. Is ((-13218)/24)/(2/(-7 + s)) a prime number?
True
Suppose 3*b = -6*b + 2637. Let v = 1296 - b. Is v prime?
False
Let j(c) = -c + 19. Let m be j(8). Let i = m + -1. Is i composite?
True
Let j(w) be the third derivative of -15*w**4/8 + 8*w**3/3 + w**2. Let b be (-5)/(20/56) + 3. Is j(b) composite?
True
Let x(u) = -23*u - 2. Let g be x(-10). Let b = g + -62. Is b a prime number?
False
Is 1/(((-6)/(-297684)*6)/1) a composite number?
False
Let d(f) = f**2 - 10*f + 6. Let t be d(10). Let o(k) = 7*k**3 - 6*k**2 + 4*k - 1. Is o(t) composite?
False
Let i = -15 + 27. Let k = i - 8. Is -2 + (-582)/(-2) + k a composite number?
False
Suppose x + 1216 = -x + 4*n, -4*x + 3*n - 2447 = 0. Let m = 1561 + x. Is m prime?
True
Let z = -5247 + -5166. Let w be (1 - -2) + (-3 - -2). Is (w/3)/((-6)/z) composite?
True
Is 45/(-135)*-187377*(3 - 2) prime?
True
Let p(s) = 553*s**2 - 8*s + 4. Let t(o) = 5*o + 63. Let c be t(-12). Is p(c) prime?
True
Suppose w - 37643 = 4*p, -4*p + 2 = -3*p. Is w prime?
False
Is 51294/10 - (-13)/((-455)/14) a composite number?
True
Suppose h - 3*h - 4*l + 16 = 0, 4*h = -l + 25. Let d = -9 + h. Is d/(-2) - 227/(-2) prime?
False
Let z(d) be the third derivative of 6*d**2 - 1/24*d**4 + 0*d - 1/6*d**3 + 1/30*d**5 + 0 + 3/40*d**6. Is z(3) a prime number?
True
Suppose -5*o = -z + 4, 0*z - 4*z = -5*o - 16. Suppose 42 = z*r + 1290. Let d = 535 + r. Is d prime?
True
Let o(i) = 11 + 10*i + 0*i - 37 - 2. Is o(23) a prime number?
False
Suppose -3*d = -7*d - 28. Let c(x) be the second derivative of -11*x**3/6 + x**2 + 9*x. Is c(d) a prime number?
True
Let n(q) = -q**2 - 3*q + 1. Let m be n(-4). Let w be -218 + ((-7 - -1)/(-3))/2. Is m - (2 + w + 3) a composite number?
True
Suppose 9*a = 2*a + 10213. Is a/2*(-1)/((-4)/8) a prime number?
True
Let v = 20 - 20. Suppose -5*t = 2*m - 139 - 223, -3*m - 2*t + 543 = v. Is m a prime number?
True
Suppose -5*b - p + 4693 - 298 = 0, -3*b - p + 2637 = 0. Let i = b - 422. Is i prime?
True
Let m(p) be the first derivative of 22*p**3/3 - p**2/2 - 4*p + 17. Is m(5) a prime number?
True
Suppose -5*f + 315 = -12*f. Let q = 230 + f. Is q composite?
True
Let i = -29 - -32. Suppose 2*x - 35 = -i*x. Suppose -3*w - 4*n + 1344 = -x*n, -12 = -4*n. Is w a composite number?
True
Suppose -2*u - 838 = 3*b, 3*u + 567 = b - 3*b. Let k = b + 523. Is k composite?
True
Let m(i) = -i**2 + 12*i + 2. Let d be m(12). Suppose -d*n = -45 - 271. Is n composite?
True
Is (6/(-4))/(-7 + (-409380)/(-58488)) prime?
True
Suppose -5*b - 9722 = -7*b + 5*k, 4*b - 4*k = 19444. Is b a composite number?
False
Let p = -118 - -265. Is 0/(-1) - (-2 - p) a prime number?
True
Suppose -7*r = 4*r - 113993. Suppose -2*f - 921 = -r. Is f a composite number?
False
Let y be -24*(-1 + (-684)/8). Let j = y - 1193. Is j a prime number?
True
Suppose 0 = -2*a + 7*a - c - 30, -5*c = 25. Suppose -a*b = -b - 8. Let i(r) = 61*r**3 + r**2 + 3*r - 5. Is i(b) composite?
True
Suppose -c + s + 2 = -5, c = 4*s + 10. Suppose -4*b + c*b - 714 = 0. Suppose 6*k = 3*k + b. Is k a composite number?
True
Let q be 10 + -6 - (1 - 0). Suppose 2*a = 2*c + q*c + 92, -5*c = -a + 46. Suppose 96 = 4*g + m, 2*g = -m - 0*m + a. Is g a prime number?
False
Suppose 4 = -5*w - 6. Let t be (39/w)/((-24)/736). Is (-1)/(2 - 1198/t) composite?
True
Suppose -w + 4*i = 2*w - 2738, 3638 = 4*w + i. Let o = -287 + w. Is o a prime number?
False
Is ((-14763)/(-21))/(1/((-1)/(-1))) composite?
True
Suppose 25 = -5*s, 2*d + 5*s = 5*d - 388. Suppose 3*h - c - d = -h, c + 152 = 5*h. Is h a composite number?
False
Let k be (-453)/(-9) + (-6)/18. Suppose -w - k = -6263. Suppose 5*l - w = -523. Is l a prime number?
False
Let m be (1 - 1 - 1675)*10/(-25). Let l = -165 + m. Is l prime?
False
Let c be ((-2)/(-6))/((-1)/(-42)). Suppose 0 = c*d - 4*d - 1910. Is d composite?
False
Let m(p) = 11*p**3 - p**2 - 20*p - 12. Let d be m(-6). Let k = 4637 + d. Is k a prime number?
True
Suppose -23*y = -28*y - 15. Is (y/6)/((-6)/26088) a prime number?
False
Let w(y) = 47*y + 3. Suppose -z - 10 = 7. Let v = -9 - z. Is w(v) composite?
False
Let p be 46/14 - (-8)/(-28). Let y(b) = -p + 18 + 0*b + 9*b. Is y(14) a prime number?
False
Let q be 9*(-2)/(-6) + 2. Suppose 4*v - 126 = 2*n, -4*v + q*n - 2*n + 121 = 0. Suppose 2*x + 4*u = v, 2*x - 3*x - 3*u + 15 = 0. Is x a prime number?
False
Let u(a) = 77*a - 31. Let j(g) = -38*g + 15. Let c(y) = -5*j(y) - 3*u(y). Is c(-8) composite?
True
Let h = 323 - 214. Suppose h*s = 111*s - 254. Is s a prime number?
True
Suppose 5*u = 50 + 10. Let q = 14 - u. Suppose -2 = -3*m + 10, -q*f + 3*m = -346. Is f a composite number?
False
Suppose 7 - 1 = -3*j. Is 1087 - (-1 + (j - (1 + -4))) prime?
True
Suppose 0 = z - 4*z. Suppose -q - 4*q = z. Suppose q*x = x - 5*v - 55, 2*x - 86 = 4*v. Is x a prime number?
False
Let i = -21 - -25. Let v = 9 - i. Is (-1)/v - 2960/(-50) a composite number?
False
Let y(v) be the first derivative of -43*v**4/4 - v**3/3 - v**2 - 3*v + 14. Is y(-2) composite?
True
Suppose -4*m = 5*w - 434, w + 557 = 3*m + 2*m. Let t = 158 - m. Is t a composite number?
False
Let l = -146 - 175. Let y = l - 723. Is y/(-14) + (-20)/35 composite?
True
Let t(l) = l**2 + 13*l + 64919. Is t(0) a prime number?
True
Let c = 1 - 2. Let g = c + -3. Let h = g - -14. Is h a prime number?
False
Suppose 0 = 5*o - 1 - 9. Let s be 3/1 + 4 - o. Suppose 799 = 2*j - 3*r - 367, -s*r = j - 609. Is j prime?
False
Let j = 1619 - 2296. Let n = 1234 + j. Is n a composite number?
False
Let k = -22 - -20. Let z be (1 + k)*(-210 + 3). Suppose -48 + z = 3*m. Is m a composite number?
False
Let o = 87 - 114. Let b be (-1002)/(-4) - 1/(-2). Let i = b - o. Is i a prime number?
False
Let a(j) = 3*j**2 - 9*j - 4. Let y be a(5). Let u = y + 57. Is u a prime number?
True
Let y(z) = -69*z**2 + z + 3. Let s(v) = 69*v**2 - 3. Let c(w) = -3*s(w) - 4*y(w). Is c(-4) prime?
True
Let g(o) be the first derivative of -o**4/4 + 4*o**3/3 + 2*o**2 + o + 8. Suppose -3*j - 2*p - 36 = p, -5*p = 2*j + 36. Is g(j) a composite number?
True
Suppose -5*m + 219327 = 2*u, 3*m - 87726 = m - 2*u. Is m composite?
False
Let x(w) = -14*w - 23 + 29*w**2 + w**3 + 18 + 66. Is x(-26) prime?
False
Suppose q = -4*b - 4, -3*b - 4*q + 1 - 17 = 0. Let o be b/(-1) + (2 - -2). Suppose c - o*c = -78. Is c prime?
False
Let x = 59 + -72. Is 6056/6 + x/39 a composite number?
False
Let b(d) = 7 + 7 + 2*d - 15 + 11. Let v be b(10). Suppose -t = -4*t + v. Is t a composite number?
True
Let u(z) = 112*z - 10. Let h be u(-7). Let l = -139 - h. Is l a prime number?
False
Let g(f) = 7*f**2 - 1 + 2 + 12 + 6 - 11*f - 12 + f**3. Let j = -24 + 16. Is g(j) a prime number?
True
Let l(g) = -34*g - 1. Let v be l(1). Let x be (-4447)/(-7) - (-10)/v. Suppose -2*u = 3*u - x. Is u a composite number?
False
Let v = 1420 + -283. Is v a composite number?
True
Suppose -3*v + 4*r = -1 + 5, v = 5*r - 5. Let h be 0 + (v - (3 - 7)). Suppose -h*n = m - 48, -2*n + 5*m = -n - 33. Is n prime?
True
Let h = 4 + -5. Let t = 3 + h. Suppose 0 = t*a - 3*u - 101, 98 = -a + 3*a - 4*u. Is a prime?
False
Suppose k + 30108 = 3*n, -2*k + 31749 = 5*n - 18442. Is n composite?
False
Let v(k) = 64*k**2 + 2*k - 7. Is v(6) prime?
True
Suppose i + 574 = 3*g, -3*g + 575 = -0*g - 2*i. Is g composite?
False
Suppose -6*o + 14684 = -5*o - a, 4*a = 5*o - 73425. Is o prime?
False
Let v = -8 + 8. Suppose v = -5*g + 4*m + 7187, 7*g - 7197 = 2*g - m. Is g prime?
True
Let i(o) = 12755*o**2 - o - 1. Is i(-1) a composite number?
True
Suppose -c - 14 = 3*z, -z = 2*c - 3*z - 12. Suppose 16 = 4*x + g - 3*g, -4*g = 3*x - c. Is (29 + -10)*x*1 composite?
True
Let i(b) = 6*b - 31. Let z be i(6). Suppose -q + z*q - 22588 = 0. Is q prime?
True
Suppose 15694 = 4*u - 2*k, 0 = 2*u - 3*u + 5*k + 3910. Suppose 3*b = -2*b + u. Is b a prime number?
False
Let t be 68/3 + (-3